{"id":860,"date":"2023-01-01T10:30:00","date_gmt":"2023-01-01T09:30:00","guid":{"rendered":"https:\/\/lendewell.com\/histoires\/?post_type=podcast&#038;p=860"},"modified":"2022-12-31T16:14:16","modified_gmt":"2022-12-31T15:14:16","slug":"calendrier-de-lapres-2023-jour-1","status":"publish","type":"podcast","link":"https:\/\/lendewell.com\/histoires\/podcast\/calendrier-de-lapres-2023-jour-1\/","title":{"rendered":"Calendrier de l&rsquo;Apr\u00e8s 2023 &#8211; Jour 1"},"content":{"rendered":"\n<p><br>Bonjour et bienvenue dans \u00ab&nbsp;Je conte jusqu\u2019\u00e0 toi&nbsp;\u00bb votre podcast d\u2019histoires\u2026<br>Comme promis, voici l\u2019intro de ce fabuleux calendrier de l\u2019Apr\u00e8s, toujours bas\u00e9 sur le&nbsp;<a href=\"http:\/\/Writever_Bob%20@writeverb\/\">writever<\/a>&nbsp;de novembre.<\/p>\n\n\n\n<p>Comme ce sont des textes plus courts, il seront directement mis en corps et pas li\u00e9s en pdf dans les \u00e9pisodes.<\/p>\n\n\n\n<p>En ce jour 1, c&rsquo;est<a href=\"https:\/\/twitter.com\/Azertoff\"> Azertoff<\/a> qui s&rsquo;y colle <\/p>\n\n\n\n<blockquote class=\"wp-block-quote is-layout-flow wp-block-quote-is-layout-flow\">\n<p>\u00ab\u00a01. Les premi\u00e8res notes avaient retenti. Ce n&rsquo;\u00e9tait pas du classique. Enfin si, mais pas du classique classique quoi. On \u00e9tait plus sur chevauch\u00e9e des valkyries,napalm et rayons lasers que songe d&rsquo;une nuit d&rsquo;\u00e9t\u00e9. D&rsquo;ailleurs il lui semblait entendre des explosions au loin. Elle sera son arme un peu plus fort jeta un oeil derri\u00e8re le mur et se pr\u00e9cipita vers les premiers vaisseaux laiss\u00e9s sans surveillance\u00a0\u00bb<\/p>\n<\/blockquote>\n","protected":false},"excerpt":{"rendered":"<p>Bonjour et bienvenue dans \u00ab&nbsp;Je conte jusqu\u2019\u00e0 toi&nbsp;\u00bb votre podcast d\u2019histoires\u2026Comme promis, voici l\u2019intro de ce fabuleux calendrier de l\u2019Apr\u00e8s, toujours bas\u00e9 sur le&nbsp;writever&nbsp;de novembre. Comme ce sont des textes plus courts, il seront directement mis en corps et pas li\u00e9s en pdf dans les \u00e9pisodes. En ce jour 1, c&rsquo;est Azertoff qui s&rsquo;y colle &hellip; <\/p>\n<p class=\"link-more\"><a href=\"https:\/\/lendewell.com\/histoires\/podcast\/calendrier-de-lapres-2023-jour-1\/\" class=\"more-link\">Continuer la lecture<span class=\"screen-reader-text\"> de &laquo;&nbsp;Calendrier de l&rsquo;Apr\u00e8s 2023 &#8211; Jour 1&nbsp;&raquo;<\/span><\/a><\/p>\n","protected":false},"author":1,"featured_media":864,"menu_order":0,"comment_status":"open","ping_status":"closed","template":"","meta":{"episode_type":"audio","audio_file":"https:\/\/lendewell.com\/histoires\/wp-content\/uploads\/2022\/12\/1.THEME_.mp3","podmotor_file_id":"","podmotor_episode_id":"","cover_image":"","cover_image_id":"","duration":"0:32","filesize":"1.78M","filesize_raw":"1870134","date_recorded":"2023-01-01 10:30:00","explicit":"","block":"","itunes_episode_number":"","itunes_title":"","itunes_season_number":"","itunes_episode_type":""},"tags":[8,25,6],"series":[18],"class_list":["post-860","podcast","type-podcast","status-publish","has-post-thumbnail","hentry","tag-ado-adultes","tag-calendrier","tag-enfants-a-partir-de-8-ans","series-calendrier-de-lavent"],"episode_featured_image":"https:\/\/lendewell.com\/histoires\/wp-content\/uploads\/2022\/12\/1.png","episode_player_image":"https:\/\/lendewell.com\/histoires\/wp-content\/uploads\/2019\/10\/JCJAT_Pomme.png","download_link":"https:\/\/dts.podtrac.com\/redirect.mp3\/lendewell.com\/histoires\/podcast-download\/860\/calendrier-de-lapres-2023-jour-1.mp3","player_link":"https:\/\/dts.podtrac.com\/redirect.mp3\/lendewell.com\/histoires\/podcast-player\/860\/calendrier-de-lapres-2023-jour-1.mp3","audio_player":null,"episode_data":{"playerMode":"dark","subscribeUrls":{"apple_podcasts":{"key":"apple_podcasts","url":"","label":"Apple Podcasts","class":"apple_podcasts","icon":"apple-podcasts.png"},"deezer":{"key":"deezer","url":"","label":"Deezer","class":"deezer","icon":"deezer.png"},"google_podcasts":{"key":"google_podcasts","url":"","label":"Google Podcasts","class":"google_podcasts","icon":"google-podcasts.png"},"pocketcasts":{"key":"pocketcasts","url":"","label":"PocketCasts","class":"pocketcasts","icon":"pocketcasts.png"},"podcast_addict":{"key":"podcast_addict","url":"","label":"Podcast Addict","class":"podcast_addict","icon":"podcast-addict.png"},"podtail":{"key":"podtail","url":"","label":"Podtail","class":"podtail","icon":"podtail.png"},"rss":{"key":"rss","url":"","label":"RSS","class":"rss","icon":"rss.png"},"spotify":{"key":"spotify","url":"","label":"Spotify","class":"spotify","icon":"spotify.png"},"youtube":{"key":"youtube","url":"","label":"YouTube","class":"youtube","icon":"youtube.png"},"itunes":{"key":"itunes","url":"","label":"iTunes","class":"itunes","icon":"itunes.png"}},"rssFeedUrl":"https:\/\/lendewell.com\/histoires\/feed\/podcast\/calendrier-de-lavent","embedCode":"<blockquote class=\"wp-embedded-content\" data-secret=\"6XdA6pQwhJ\"><a href=\"https:\/\/lendewell.com\/histoires\/podcast\/calendrier-de-lapres-2023-jour-1\/\">Calendrier de l&rsquo;Apr\u00e8s 2023 &#8211; Jour 1<\/a><\/blockquote><iframe sandbox=\"allow-scripts\" security=\"restricted\" src=\"https:\/\/lendewell.com\/histoires\/podcast\/calendrier-de-lapres-2023-jour-1\/embed\/#?secret=6XdA6pQwhJ\" width=\"500\" height=\"350\" title=\"\u00ab\u00a0Calendrier de l&rsquo;Apr\u00e8s 2023 &#8211; Jour 1\u00a0\u00bb &#8212; \" data-secret=\"6XdA6pQwhJ\" frameborder=\"0\" marginwidth=\"0\" marginheight=\"0\" scrolling=\"no\" class=\"wp-embedded-content\"><\/iframe><script>\n\/*! This file is auto-generated *\/\n!function(d,l){\"use strict\";l.querySelector&&d.addEventListener&&\"undefined\"!=typeof URL&&(d.wp=d.wp||{},d.wp.receiveEmbedMessage||(d.wp.receiveEmbedMessage=function(e){var t=e.data;if((t||t.secret||t.message||t.value)&&!\/[^a-zA-Z0-9]\/.test(t.secret)){for(var s,r,n,a=l.querySelectorAll('iframe[data-secret=\"'+t.secret+'\"]'),o=l.querySelectorAll('blockquote[data-secret=\"'+t.secret+'\"]'),c=new RegExp(\"^https?:$\",\"i\"),i=0;i<o.length;i++)o[i].style.display=\"none\";for(i=0;i<a.length;i++)s=a[i],e.source===s.contentWindow&&(s.removeAttribute(\"style\"),\"height\"===t.message?(1e3<(r=parseInt(t.value,10))?r=1e3:~~r<200&&(r=200),s.height=r):\"link\"===t.message&&(r=new URL(s.getAttribute(\"src\")),n=new URL(t.value),c.test(n.protocol))&&n.host===r.host&&l.activeElement===s&&(d.top.location.href=t.value))}},d.addEventListener(\"message\",d.wp.receiveEmbedMessage,!1),l.addEventListener(\"DOMContentLoaded\",function(){for(var e,t,s=l.querySelectorAll(\"iframe.wp-embedded-content\"),r=0;r<s.length;r++)(t=(e=s[r]).getAttribute(\"data-secret\"))||(t=Math.random().toString(36).substring(2,12),e.src+=\"#?secret=\"+t,e.setAttribute(\"data-secret\",t)),e.contentWindow.postMessage({message:\"ready\",secret:t},\"*\")},!1)))}(window,document);\n<\/script>\n"},"jetpack_sharing_enabled":true,"_links":{"self":[{"href":"https:\/\/lendewell.com\/histoires\/wp-json\/wp\/v2\/podcast\/860","targetHints":{"allow":["GET"]}}],"collection":[{"href":"https:\/\/lendewell.com\/histoires\/wp-json\/wp\/v2\/podcast"}],"about":[{"href":"https:\/\/lendewell.com\/histoires\/wp-json\/wp\/v2\/types\/podcast"}],"author":[{"embeddable":true,"href":"https:\/\/lendewell.com\/histoires\/wp-json\/wp\/v2\/users\/1"}],"replies":[{"embeddable":true,"href":"https:\/\/lendewell.com\/histoires\/wp-json\/wp\/v2\/comments?post=860"}],"wp:featuredmedia":[{"embeddable":true,"href":"https:\/\/lendewell.com\/histoires\/wp-json\/wp\/v2\/media\/864"}],"wp:attachment":[{"href":"https:\/\/lendewell.com\/histoires\/wp-json\/wp\/v2\/media?parent=860"}],"wp:term":[{"taxonomy":"post_tag","embeddable":true,"href":"https:\/\/lendewell.com\/histoires\/wp-json\/wp\/v2\/tags?post=860"},{"taxonomy":"series","embeddable":true,"href":"https:\/\/lendewell.com\/histoires\/wp-json\/wp\/v2\/series?post=860"}],"curies":[{"name":"wp","href":"https:\/\/api.w.org\/{rel}","templated":true}]}}

Calendrier de l&rsquo;Après 2023 &#8211; Jour 1

<p><br>Bonjour et bienvenue dans «&nbsp;Je conte jusqu’à toi&nbsp;» votre podcast d’histoires…<br>Comme promis, voici l’intro de ce fabuleux calendrier de l’Après, toujours basé sur le&nbsp;<a href="http://Writever_Bob%20@writeverb/">writever</a>&nbsp;de novembre.</p>



<p>Comme ce sont des textes plus courts, il seront directement mis en corps et pas liés en pdf dans les épisodes.</p>



<p>En ce jour 1, c&rsquo;est<a href="https://twitter.com/Azertoff"> Azertoff</a> qui s&rsquo;y colle </p>



<blockquote class="wp-block-quote is-layout-flow wp-block-quote-is-layout-flow">
<p>« 1. Les premières notes avaient retenti. Ce n&rsquo;était pas du classique. Enfin si, mais pas du classique classique quoi. On était plus sur chevauchée des valkyries,napalm et rayons lasers que songe d&rsquo;une nuit d&rsquo;été. D&rsquo;ailleurs il lui semblait entendre des explosions au loin. Elle sera son arme un peu plus fort jeta un oeil derrière le mur et se précipita vers les premiers vaisseaux laissés sans surveillance »</p>
</blockquote>

<p>Bonjour et bienvenue dans «&nbsp;Je conte jusqu’à toi&nbsp;» votre podcast d’histoires…Comme promis, voici l’intro de ce fabuleux calendrier de l’Après, toujours basé sur le&nbsp;writever&nbsp;de novembre. Comme ce sont des textes plus courts, il seront directement mis en corps et pas liés en pdf dans les épisodes. En ce jour 1, c&rsquo;est Azertoff qui s&rsquo;y colle &hellip; </p>
<p class="link-more"><a href="https://lendewell.com/histoires/podcast/calendrier-de-lapres-2023-jour-1/" class="more-link">Continuer la lecture<span class="screen-reader-text"> de &laquo;&nbsp;Calendrier de l&rsquo;Après 2023 &#8211; Jour 1&nbsp;&raquo;</span></a></p>

<blockquote class="wp-embedded-content" data-secret="6XdA6pQwhJ"><a href="https://lendewell.com/histoires/podcast/calendrier-de-lapres-2023-jour-1/">Calendrier de l&rsquo;Après 2023 &#8211; Jour 1</a></blockquote><iframe sandbox="allow-scripts" security="restricted" src="https://lendewell.com/histoires/podcast/calendrier-de-lapres-2023-jour-1/embed/#?secret=6XdA6pQwhJ" width="500" height="350" title="« Calendrier de l&rsquo;Après 2023 &#8211; Jour 1 » &#8212; " data-secret="6XdA6pQwhJ" frameborder="0" marginwidth="0" marginheight="0" scrolling="no" class="wp-embedded-content"></iframe><script>
/*! This file is auto-generated */
!function(d,l){"use strict";l.querySelector&&d.addEventListener&&"undefined"!=typeof URL&&(d.wp=d.wp||{},d.wp.receiveEmbedMessage||(d.wp.receiveEmbedMessage=function(e){var t=e.data;if((t||t.secret||t.message||t.value)&&!/[^a-zA-Z0-9]/.test(t.secret)){for(var s,r,n,a=l.querySelectorAll('iframe[data-secret="'+t.secret+'"]'),o=l.querySelectorAll('blockquote[data-secret="'+t.secret+'"]'),c=new RegExp("^https?:$","i"),i=0;i<o.length;i++)o[i].style.display="none";for(i=0;i<a.length;i++)s=a[i],e.source===s.contentWindow&&(s.removeAttribute("style"),"height"===t.message?(1e3<(r=parseInt(t.value,10))?r=1e3:~~r<200&&(r=200),s.height=r):"link"===t.message&&(r=new URL(s.getAttribute("src")),n=new URL(t.value),c.test(n.protocol))&&n.host===r.host&&l.activeElement===s&&(d.top.location.href=t.value))}},d.addEventListener("message",d.wp.receiveEmbedMessage,!1),l.addEventListener("DOMContentLoaded",function(){for(var e,t,s=l.querySelectorAll("iframe.wp-embedded-content"),r=0;r<s.length;r++)(t=(e=s[r]).getAttribute("data-secret"))||(t=Math.random().toString(36).substring(2,12),e.src+="#?secret="+t,e.setAttribute("data-secret",t)),e.contentWindow.postMessage({message:"ready",secret:t},"*")},!1)))}(window,document);
</script>
